-1)?
12
Let d be (16/(-12))/((-2)/(-6)). Suppose -4*w = c - 2, 3*c + 2*w - 19 = 3*w. What is the remainder when (d/8)/(2/(-36)) is divided by c?
3
Let p = 10 - 7. Let a = -16 + 34. Suppose -5*c = -p*c - a. Calculate the remainder when 26 is divided by c.
8
Suppose -m + 20 = 2*m + 5*z, -3*m + 3*z + 60 = 0. Calculate the remainder when 45*(15/(-25))/(-1) is divided by m.
12
Suppose -x = 2*x - 117. Calculate the remainder when x is divided by (-14*1/2)/(2/(-6)).
18
Suppose 3*z = 5 + 34. Calculate the remainder when 36 is divided by z.
10
What is the remainder when 36 is divided by -15 - -13 - (-1 + -14)?
10
Let u(l) = -3*l + 4 - 2*l - 3*l + l**2. Let x be u(6). Let v = x - -26. What is the remainder when 52 is divided by v?
16
Suppose 4*z - 16 = 2*z. Let g(q) = 2*q**2 + 4*q - 2. Suppose 0 = w + w, w + 16 = -4*y. Calculate the remainder when g(y) is divided by z.
6
Suppose 3 = -t + 12. Suppose 0 = 5*r - t*r + 8. Let z = -1 - -4. Calculate the remainder when z is divided by r.
1
Let r(p) = 2*p + 1. Let n be r(2). Suppose -n*w + 75 = 5*y, 2*y - 6*w - 58 = -w. Calculate the remainder when 2/6 - (-164)/3 is divided by y.
17
Let v(y) = 5*y**2 + 2*y + 2. Let c be v(3). Let n = c - 29. Let u = 16 + -3. Calculate the remainder when n is divided by u.
11
Suppose -10 = -2*m - 24. Let g = -5 - m. Suppose g*r = -0*r + 3*l + 31, -5*r = -2*l - 83. Calculate the remainder when r is divided by 6.
5
Suppose 21 = -10*u + 421. What is the remainder when 157 is divided by u?
37
Let y be 14/3 + 6/(-9). Suppose 2*s = -l + 9, -s - 3 = -5*l + y*l. What is the remainder when s is divided by 2?
0
Let q be (-6)/6 + 5*1. Let n = q - 4. Suppose n = i + i - 24. What is the remainder when 35 is divided by i?
11
Let d = 286 + -417. Let p = -76 - d. Calculate the remainder when p is divided by 14.
13
Let b(v) = 1 - 1 - v + v**3 - 8 - v + 8*v**2. Calculate the remainder when 31 is divided by b(-8).
7
Suppose 2*x - 4*k - 217 = -k, 0 = -4*x - 2*k + 458. What is the remainder when x is divided by 19?
18
Suppose -4*g = 3*s - 2*g - 59, 6 = -3*g. What is the remainder when 18 is divided by 1 - (-7)/(s/18)?
4
Suppose 0 = -5*s - 20, 3*u + 5*s - 68 = -25. Calculate the remainder when u is divided by 24/(-3)*1/(-2).
1
Let a = 4 - -4. What is the remainder when 21 is divided by a?
5
Let c be 5*(-3)/(15/8). Let g = 12 + c. Suppose m - 55 = g. Calculate the remainder when m is divided by 15.
14
Let q = 34 + 6. What is the remainder when 118 is divided by q?
38
Let h(u) = -2*u + 7. What is the remainder when 50 is divided by h(-5)?
16
Let r = 41 + 32. Calculate the remainder when r is divided by 15.
13
Let m = 227 + -100. Calculate the remainder when m is divided by 13.
10
Let t = 10 + 1. Let h = -7 + t. Let p(x) = x**3 + 20*x**2 + 23*x + 78. Calculate the remainder when h is divided by p(-19).
0
Suppose -60 = -5*s - 5*d, -2*s = d - 14 - 15. What is the remainder when 2 + -2 + 33 + 0 is divided by s?
16
Suppose 4 = -5*i + 2*n - 0, 6 = -2*i + 3*n. Suppose -3*l + 7 + 2 = i. What is the remainder when 9 is divided by l?
0
Let c(i) = i**2 - 4*i. Let u be c(6). Let q = 23 - u. Calculate the remainder when 20 is divided by q.
9
Let z(x) = -24*x**3 - 2*x**2 + x + 2. Calculate the remainder when 70 is divided by z(-1).
1
Calculate the remainder when 2*(-40)/(-30)*138/16 is divided by 9.
5
Let i = -124 - -217. Suppose 3*x + i = 6*r - 2*r, 3*r - 54 = -3*x. What is the remainder when r is divided by 12?
9
Let m(o) = -25*o**3 - 2*o**2 - o. Let f be m(-1). Let h(r) = -2*r. Let z be h(-4). Let p = z + f. Calculate the remainder when p is divided by 17.
15
Let g(k) be the first derivative of k**2 + 9*k + 2. Let u be g(7). Let q = u - 1. Calculate the remainder when 43 is divided by q.
21
Suppose -3*q + 76 = q. Calculate the remainder when 92 is divided by q.
16
Suppose 2*r - 30 = -3*r + 3*k, 6 = r + 2*k. Suppose r = 2*o - 36. Let m = 187 - 126. What is the remainder when m is divided by o?
19
Suppose -3*l + y + 46 - 3 = 0, 0 = -3*l - 5*y + 37. What is the remainder when ((-55)/(-2))/((-2)/(-4)) is divided by l?
13
Suppose 34 = 2*u + k, 0 = -2*k - 7 + 15. Let n be ((-260)/u)/((-4)/6). Let x = n - 7. What is the remainder when 55 is divided by x?
17
Let q be ((-8)/14)/(2/(-14)). Suppose q*p - 95 = -p. Calculate the remainder when p is divided by 11.
8
Suppose 0 = 13*p - 6*p - 714. Calculate the remainder when p is divided by 8.
6
Let b = 60 + -37. Calculate the remainder when b is divided by 6.
5
Suppose -5*i + 2*i = -4*o - 26, -i + 3*o + 17 = 0. Calculate the remainder when 3 is divided by i.
1
Let p(f) = -f**3 - f**2 + 3. Let b be p(0). Suppose 2*m - b*x - 12 = 0, -m + 4*x - 2 = -13. What is the remainder when ((-7)/(-3))/(1/3) is divided by m?
1
Let y(t) = -3*t + 3. Let i be y(-3). Let l = i - 9. What is the remainder when 4 is divided by l?
1
Let v(l) = -l**3 + 8*l**2 + 9*l + 2. Calculate the remainder when -6*(2 + 16/(-6)) is divided by v(9).
0
Let l(b) = -b**3 - 3*b**2 + b - 5. Calculate the remainder when 2/(-13) + 249/13 is divided by l(-4).
5
Let o = -8 + 19. Let u(n) = -n**2 - 2*n + 1. Let z be u(-3). Calculate the remainder when 1*(3 - 56/z) is divided by o.
9
Let i be (-3)/(-4) - (-47)/(-4). Let s = 1 - -2. Calculate the remainder when (4 + -6)/(2/i) is divided by s.
2
Let y = 8 - 6. Suppose 10 + 16 = y*i. Let k = 8 + -3. What is the remainder when i is divided by k?
3
Calculate the remainder when (-2)/2 - 2*122/(-4) is divided by 31.
29
Let g = 2 - -21. Suppose 0 = 5*c + a - 55, -c + 3*a + 16 + 11 = 0. Calculate the remainder when g is divided by c.
11
Calculate the remainder when 89 - (2 - 2*(-3)/6) is divided by (1 - 0/1)*29.
28
Suppose -17 + 117 = 4*n. Let b = n - -2. Suppose -83 = -3*w + 5*g, g - b = -w + 2*g. Calculate the remainder when w is divided by 9.
8
Suppose -250 = -5*u - 0. What is the remainder when u is divided by 17?
16
Let v = -9 - -8. Let y = 6 - v. What is the remainder when 12 is divided by y?
5
Let g = 26 + -11. Let j(m) = 6*m**2 + 8*m + 7. Let o(d) = 5*d**2 + 9*d + 8. Let t(x) = 4*j(x) - 5*o(x). What is the remainder when t(-8) is divided by g?
13
Let v be (-15)/(-10)*4/3. Let y = 7 + v. What is the remainder when 17 is divided by y?
8
Let o = -1 + 5. Suppose -o - 4 = -4*w. Suppose -w*b + 4 = 2. Calculate the remainder when 1 is divided by b.
0
Let x = -74 + 48. What is the remainder when x/(-143) + 194/22 is divided by 6?
3
Suppose 9*w + 9*w = 396. Calculate the remainder when (-1)/(2/21)*-4 is divided by w.
20
What is the remainder when 890/8 - (-14)/(-56) is divided by 29?
24
Let o(v) = -5*v + 103. Suppose -132 = -2*r + 3*k - k, -63 = -r + 2*k. What is the remainder when r is divided by o(17)?
15
Let z = -7 - -13. Let k(q) = -q + 20. What is the remainder when k(9) is divided by z?
5
Let h = 44 + -30. Suppose 27 = 5*p - a, -5*p + 35 = -0*a - 5*a. Calculate the remainder when h is divided by p.
4
Suppose 71*w - 76*w + 350 = 0. What is the remainder when w is divided by 18?
16
Suppose 4*p + 28 = l, -16 = -2*l - l - 5*p. Suppose -l + 1 = -o. Calculate the remainder when -2 - -3 - 19/(-1) is divided by o.
9
Let m = 19 - 7. What is the remainder when 8 is divided by 2 - (m/(-3) - -3)?
2
Let g be 1/(((-8)/46)/(-4)). Let b = g + -8. Calculate the remainder when b is divided by 4.
3
Let y(n) = -20*n - 1. What is the remainder when y(-3) is divided by 24?
11
Let j = 176 + -125. Let x be (-12)/(-42) - 66/(-14). Suppose -23 = -l + x*t, t + j = 3*l + 4*t. Calculate the remainder when 53 is divided by l.
17
Calculate the remainder when 54 is divided by 28/(-3)*6/(-4).
12
What is the remainder when 144/((-21)/(-7)) - (-1 + 2) is divided by 16?
15
Calculate the remainder when 0 + (-345)/(-4) - 14/56 is divided by 29.
28
Let z be ((-5)/5)/(2/(-14)). Let q = 10 + z. What is the remainder when q is divided by 9?
8
Let v = 105 - 65. Suppose 5*r + 0*r = v. Let a = -5 - -28. What is the remainder when a is divided by r?
7
What is the remainder when (17 - 2)*(-4)/(-18)*6 is divided by 11?
9
Let z = 21 - 16. Let o be (-1 - 2)*(-10)/3. Suppose -16 = -2*l + o. Calculate the remainder when l is divided by z.
3
Suppose -2 = -2*m + 18. Suppose m = -a + 33. Suppose 0 = -2*r - r + 24. Calculate the remainder when a is divided by r.
7
Let r be 1/(-4) - 2/(-8). Let t(u) = -u**2 + 27. What is the rem